hat are the prime factors of t?
2, 31
Let n(k) = 3*k**3 + 2*k - 4. Let l be n(-4). Let w = l - -348. Suppose -w = -3*f + 150. What are the prime factors of f?
2, 7
Suppose -9 = -3*z - 2*c + c, 9 = 3*c. Suppose 3*t + 339 = 3*v, 0 = z*t - t + 2. What are the prime factors of v?
3, 37
Let l(i) = i + 3*i**2 + 196 + 270 + 306. List the prime factors of l(0).
2, 193
Let v(m) = 3*m**2 + 20*m - 40. Let n be v(26). Suppose 4996 = 4*p + 5*b, 0 = -2*p - 14*b + 9*b + n. List the prime factors of p.
2, 311
List the prime factors of (-530)/(-318) - ((-183560)/6 - 2).
3, 7, 31, 47
Let h(z) be the first derivative of z**5/20 - 5*z**3/6 + 4*z**2 + 15. Let k(o) be the second derivative of h(o). What are the prime factors of k(3)?
2, 11
Suppose 130*r + 12519 = 23*r. Suppose -5*i = 3*b + 668, 0 = 4*b + 2*i - i + 868. Let a = r - b. What are the prime factors of a?
3, 11
Suppose -5*p = 2*s - 560, -5*p + 337 = -2*p + s. Let t = -151 - p. List the prime factors of 2/(-4) - t/10.
2, 13
Let f = 299 - -6314. What are the prime factors of f?
17, 389
Let t = -27215 + 46986. What are the prime factors of t?
17, 1163
Let s be 3 - (-3 - (4 - 8)). What are the prime factors of 2512*(-2 + 5/s)?
2, 157
Suppose 7*s + 2*s = 3240. Let d = -55 + s. List the prime factors of d.
5, 61
Let t(s) = 8*s**2 - 4 - 8*s + 21*s**2 + 4 - s**3 + 12. List the prime factors of t(28).
2, 11, 13
Let d be (0 + -32)/((-13)/(-13)). Let j = -27 - d. Suppose -3*b = 21 - 6, -s + 98 = j*b. List the prime factors of s.
3, 41
Suppose 42*p = 259*p - 231105. What are the prime factors of p?
3, 5, 71
Let o(q) = -q**3 + 19*q**2 + 4*q - 71. Let i be o(19). Suppose 0 = -5*a - i, 3*m + 2*a = -88 + 1190. List the prime factors of m.
2, 23
Suppose -3*j = -5*s + 35550, -4*s - 55*j = -54*j - 28457. What are the prime factors of s?
3, 2371
Let t be (-17112)/(-26) - -3 - 2/13. Let j = t - 575. List the prime factors of j.
2, 43
Suppose -3*s - 310*q + 43736 = -305*q, -s - 3*q = -14580. List the prime factors of s.
3, 43, 113
Let k = -6861 - -12865. What are the prime factors of k?
2, 19, 79
What are the prime factors of ((-3129)/(-42) + 7)/((-3903)/1302 + 3)?
7, 31, 163
What are the prime factors of (-2 - (-40638)/5) + 2338/1670?
3, 7, 43
Suppose -80*u - 10572 = -3*i - 84*u, 0 = -5*i - 3*u + 17609. What are the prime factors of i?
2, 5, 11
Suppose -5*l + 2*f = 59, -5*l - 4*f = 46 + 31. Let o be (-38)/(-10) + 0 - l/65. Suppose 0 = 5*u + 2*i - 3*i - 570, i - 447 = -o*u. List the prime factors of u.
113
Let v(w) = -w**3 - 3*w**2 + 20*w - 472. What are the prime factors of v(-20)?
2, 3, 13, 19
Suppose 9*w - 162951 - 50073 = -12*w. What are the prime factors of w?
2, 317
Suppose -4*h + 4*i = -441 - 11, -3*h = -i - 349. Suppose -4*m + 8 = 0, k = -k + 2*m + h. Let a = 96 - k. List the prime factors of a.
5, 7
Suppose -22*j = -18*j - 52. Let t(k) = -k**3 + 13*k**2 - 5*k + 19. Let c be t(j). Let h = c + 154. What are the prime factors of h?
2, 3
Suppose -53*l + 58337 + 304289 = 0. List the prime factors of l.
2, 11, 311
Suppose 0 = -50*d + 52*d - 992. Let i = d + -392. List the prime factors of i.
2, 13
Let n = -16 + 17. Let x be n - -1 - (407 + 22). What are the prime factors of x/42*(-7 + 1)?
61
Let d be (8 + -8)/(12/3). Let t be 5 - (0 - 0 - d). Suppose -3*j - 5*k - 102 = -4*j, -k = t*j - 406. List the prime factors of j.
2, 41
Let q(u) = -1423*u - 3. Let n be q(-1). Suppose g + n = 5*h - 3*g, -5*h + 5*g + 1420 = 0. What are the prime factors of h?
2, 71
Suppose 0 = 24*r - 21*r + 3*y - 12300, -8179 = -2*r + 5*y. List the prime factors of r.
17, 241
Let h(q) = 0*q + 18 + 2*q + 0*q - 3*q. Let v be h(14). Suppose -v*l - 2*r = -5*r - 242, -2*r = -3*l + 182. List the prime factors of l.
2, 31
Suppose 4*r + 42 = 5*f - 55, -f - r + 14 = 0. Suppose 4*k - f = 19. List the prime factors of k/(-21) - 2780/(-35).
79
Let f = -5157 - -30898. List the prime factors of f.
25741
What are the prime factors of 32/(-4) + (-49508)/44*-11?
3, 7, 19, 31
Suppose -16*n = -19*n - 690. Let h = n - -146. List the prime factors of (-793)/(-7) - (-24)/h.
113
What are the prime factors of ((-1658)/(-6))/(6/8*(-800)/(-30600))?
17, 829
Suppose 341*k + 208299 = 354*k + 11310. List the prime factors of k.
3, 5051
Suppose t = 6, 2*b - t = 9762 + 13432. List the prime factors of b.
2, 5, 29
Let l be 1/((-2)/(-2*5)). Let y be 2958/4 + (-8)/16. Suppose -2*n = l*o - 291, -7*n + 2*n - o + y = 0. List the prime factors of n.
2, 37
Let x(t) = 90*t**3 - 8*t**2 + 28*t - 52. What are the prime factors of x(6)?
2, 4817
Suppose 0 = 5*z + 3986 - 1091. Let k = z - -986. List the prime factors of k.
11, 37
Let r = -8308 - -23036. List the prime factors of r.
2, 7, 263
Let z = -14 + 17. Suppose z*t - 48 = 3*o, t + 1 = -4*o + 17. Let y(i) = i**2 - 10*i - 16. What are the prime factors of y(t)?
2, 5
Suppose 45 = -5*b, 6*m + 2070*b - 199296 = 2068*b. What are the prime factors of m?
3, 3691
Let a(b) = -b**2 - 36*b + 37. Let f be a(-37). Suppose -5*h - 1238 = -f*w - w, 5*w + 5*h = 6190. List the prime factors of w.
2, 619
Let q(n) = 4*n + 65. Let s be q(16). Suppose h - 5*p - 406 = 0, p = -h + s + 295. What are the prime factors of h?
421
Suppose -12*d - 17*d + 763503 + 582532 = 0. What are the prime factors of d?
5, 9283
Suppose -2*b + 4 = -3*b, 4*g = -4*b - 16. Let h(f) = -f**2 - 7*f + 333. Let c be h(-22). Suppose g*i = c*i - 774. What are the prime factors of i?
2, 3, 43
Let f be 765/105 - (-2)/(-7). Let g be (f/(-4) - -2) + 855/4. Suppose 2*c + 3*p - 87 = 0, -2*p = -4*c - 0*p + g. What are the prime factors of c?
3, 17
Suppose 4*j + 9*c = 4*c + 5, -5*j + 34 = -3*c. What are the prime factors of -5 + 0 + (-2 - -64*j)?
313
Let b(c) = 1953*c + 7554. What are the prime factors of b(11)?
3, 9679
Let c(x) be the second derivative of x**4/4 + 35*x**3/6 + 4*x**2 + 170*x. Let j = -12 + -2. List the prime factors of c(j).
2, 53
Suppose 22*n - 84 = 19*n. Suppose n*y - 1944 = 25*y. List the prime factors of y.
2, 3
Let g = 1171 + -2227. Let s = 1499 + g. List the prime factors of s.
443
Let m = -23 + 29. Suppose 4*h - 4160 = -m*h. What are the prime factors of h?
2, 13
Let v(p) be the third derivative of 19*p**2 + 1/6*p**3 + 0*p**5 + 0 - 29/60*p**6 + 0*p + 1/12*p**4. List the prime factors of v(-1).
3, 19
Suppose 3*r = 2*g - 6*g - 15, 5*g + 2*r = -24. What are the prime factors of 0*(-3 + (-15)/g) - -565?
5, 113
Let f = -47 - -227. Let g = 42 + f. List the prime factors of g.
2, 3, 37
Suppose 66 - 38 = 7*t. Suppose t*k - 3090 = 5*l, -3*k - 8*l + 2323 = -9*l. What are the prime factors of k?
5, 31
Let r(s) = -964*s + 2075. What are the prime factors of r(-6)?
29, 271
Suppose u - 824 = -3*l + 2*u, -4*u + 568 = 2*l. Suppose -40*w + 39*w + l = 0. Suppose 2*z + m - 3*m = w, 4*m + 284 = 2*z. List the prime factors of z.
2, 67
Suppose 14*w - 5572 - 4914 = 0. What are the prime factors of w?
7, 107
Suppose 0 = -3*c + 4*w - 181, 3*w - 2*w + 106 = -2*c. Let i = -181 - -186. Let o = i - c. What are the prime factors of o?
2, 3, 5
Let g(r) = 11*r + 14. Let o be g(4). Suppose -3*d - 4*p = -d - o, -3*d + p = -108. Suppose d*y - 22 = 34*y. What are the prime factors of y?
2, 11
Suppose -12*g + 1212652 = 18*g + 324802. List the prime factors of g.
3, 5, 1973
Let y be 1*(0 + 0/(-5)). Suppose y = 69*r - 68*r + 127. What are the prime factors of 7 - 6 - (r + 1)?
127
Let r(w) = -77*w + 995. What are the prime factors of r(-34)?
3613
Let y = -52128 - -92544. List the prime factors of y.
2, 3, 421
Let g be 8/4*(-357)/(-6). Suppose -1740 = -g*t + 116*t. What are the prime factors of t?
2, 5, 29
Let l = 282 - 274. List the prime factors of -2*(-173)/l*8/2.
173
Let n be -3 - -1 - (3 + -1). Suppose 3*a + 5*u - 5123 = 0, -5*a + u + 7406 + 1095 = 0. List the prime factors of (a/(-14) + (-2)/n)/(-1).
11
Let b be -7 + 6 + 0 - -457. What are the prime factors of (-25)/(147/b - 6/16)?
5, 19
Let r(h) be the first derivative of h**3/3 - 12*h**2 - 12*h - 7. Let d be r(16). Let l = -78 - d. What are the prime factors of l?
2, 31
Let u(y) = -17426*y - 2345. List the prime factors of u(-2).
32507
Let s be 1/(((-1)/2)/((-9)/6)). Suppose 0*k = k - s. Suppose -188 = -a - k*a. List the prime factors of a.
47
Let n(l) = -6709*l + 4994. What are the prime factors of n(-12)?
2, 42751
Let o(p) = 2*p**2 + 45*p - 216. What are th